 7*z + 6. Let h be v(7). Let t be (-2)/h - 26/(-6). Suppose -t*o + 313 = k, -2*o + 5*o + 4*k = 251. Is o composite?
True
Let z be 10/35 + (-60)/14. Let k = z + 7. Is 82 - ((0 - k) + 2) composite?
False
Suppose 10 = 2*y - 2*b, 0 = 3*y + 2*b - 1 - 19. Let q = -2 + y. Suppose 0 = -0*v - q*v + 1492. Is v composite?
False
Let a(w) be the third derivative of 0 - 1/6*w**3 - 3/4*w**4 + 0*w + w**2. Is a(-2) composite?
True
Let g(z) = -z**2 - 7*z + 7. Let p be g(-8). Let d(c) = -30*c**3 - 2*c**2 + 1. Let o be d(p). Let x = 106 - o. Is x composite?
True
Let n = 234 + -132. Let j = n + 109. Is j composite?
False
Suppose -98 = -l - l + 4*v, 4*v = -3*l + 167. Let h = l + -19. Let g = h - 15. Is g composite?
False
Suppose -y + 3*o = 25, 2*y + 35 = 5*o - 2*o. Let l be (16/(-10))/(y/25). Suppose 0*b = -l*b + 316. Is b a prime number?
True
Let j = 0 + 0. Suppose 3*y - 102 = -3*c, -2*y - 2 - 8 = j. Suppose 2*f - c = -f. Is f a prime number?
True
Let c = 11 - 6. Let w(z) = 5*z**2 - 3*z + 3. Is w(c) prime?
True
Let n(b) = -7*b**3 + 1. Let k be (-5)/4*(-3 - 1). Suppose 3*l + 2*x = -6, -10 = k*l - x - 4*x. Is n(l) a composite number?
True
Let w = 737 + -344. Let x = 87 + -12. Suppose -f + x = q, -4*f = 4*q - 9*q + w. Is q a composite number?
True
Let m = 111 + -43. Let a = m + 95. Is a prime?
True
Let x = -5348 + 8619. Is x composite?
False
Let n(j) = -j**3 + 16*j**2 + 20*j - 14. Is n(17) a prime number?
True
Let s(j) = 4*j - 10 - 4*j - 8*j + j**2. Let u be s(9). Is u/(3/(-21) + 0) a prime number?
True
Let v be 7*-1*(-2)/2. Let b = -1 + 0. Is -1*v*b*3 composite?
True
Suppose -259 = -z - 0. Is z prime?
False
Suppose 0 = 2*w + 3*w - 35. Let s(b) = 4*b - w*b - 11 + 3. Is s(-7) a composite number?
False
Let l(b) = 13*b + 5. Let y be l(17). Suppose 2*g + 3*g - 605 = 0. Suppose 2*n - y = -2*f + 32, -3*n + g = f. Is f a prime number?
False
Let p = -5 - -7. Let x(z) = -z**p + z - 8*z**2 + z + 2*z**2 + z**3. Is x(7) a prime number?
False
Let n(g) = -2*g + 18. Let h be n(8). Is (h/(-3))/((-4)/402) composite?
False
Suppose 29 = 5*z + 4. Let t(m) = -m**3 + 7*m**2 + 2*m - 3. Is t(z) a prime number?
False
Let q(c) be the first derivative of -37*c**2/2 + 3*c - 3. Let p be q(2). Let y = -16 - p. Is y a prime number?
False
Let u = -11 - -6. Let z(g) = 3*g**2 - g - 1. Is z(u) a prime number?
True
Suppose -2*v - 10 = -4*k, -v = 4*k - 5*v. Is ((-5)/2)/k*-74 a prime number?
True
Let u be (-18)/(-30)*1*-5. Let k be (3/u + 8)*-1. Let p(q) = -6*q - 7. Is p(k) composite?
True
Let t(a) = -a**2 + 2*a - 3. Let h be t(2). Let d = 2 + h. Is (-22 - d)*-1 + -2 composite?
False
Suppose -674 + 3176 = 6*g. Is g prime?
False
Let g = -470 + 921. Is g a composite number?
True
Is (-106344)/(-35) + -1 + 4/(-10) a composite number?
False
Let k be 6*(-2 + 16/6). Let r be 0 + (1 - k) + 2. Let d(a) = -11*a**3 - 2*a**2 + 1. Is d(r) a composite number?
True
Let t(q) = 2*q**3 - 9*q**2 - 7*q - 1. Is t(8) a composite number?
True
Let f(u) = u**2 - 6*u + 4. Let b(h) = -2*h**2 + 1. Let g be b(2). Is f(g) a composite number?
True
Is 586/6*(6/(-6) + 4) a prime number?
True
Let q = 3 - 7. Let i be 4 + (q/(-2))/(-2). Suppose 4*d + c - 113 = 18, -97 = -i*d - 2*c. Is d composite?
True
Suppose -5*k + 13910 = 5*i - 10*k, 0 = -i - 4*k + 2797. Is i a composite number?
True
Let m(n) = -n**3 + 3*n**2 + 7*n. Let x be m(5). Let v = 4 - x. Is v a composite number?
False
Is (-4218)/(-8) + 2/(-8) prime?
False
Suppose 5*h + 2 = -23, 0 = -2*g + 3*h + 797. Is g a prime number?
False
Let a = -70 + 161. Let r = a + 4. Is r prime?
False
Let x(g) = 15 + 17 - 4*g - 31. Suppose -2 + 18 = -2*z. Is x(z) composite?
True
Let l = 349 + 1518. Is l a prime number?
True
Let b(x) = -x**2 + 9*x + 3. Is b(4) prime?
True
Suppose 3*c = -c + 2596. Let m = 558 - 216. Let d = c - m. Is d composite?
False
Suppose -20 = 4*c, -5*v - 2*c + 405 = -7*c. Suppose -v = -2*q + 190. Is q prime?
False
Let i = 12 - 9. Suppose 0 = 2*g + i*g - 1055. Is g a composite number?
False
Let y = 6 - 5. Let l be y - 1 - 1*-2. Is 77*(2 + -1) + l prime?
True
Suppose -21*i - 18477 = -30*i. Is i composite?
False
Let n(h) = 4*h**2 - 71*h - 20. Is n(29) composite?
True
Suppose -3*m - 2*l + 0*l = 704, -3*l + 478 = -2*m. Let q = m + 397. Is q a composite number?
True
Let h(p) = 4*p**2 - 15*p - 3 + p**2 + 12*p. Is h(4) prime?
False
Is -3 + 87 + 4*(-6)/(-8) composite?
True
Suppose -3*m - 37 = -n, 15 = -6*m + 3*m. Suppose n = 3*a - 5. Is a prime?
False
Suppose 2*d = 7*d - 710. Let w(z) = -12*z**3 - z**2 + 1. Let n be w(-2). Let j = d - n. Is j composite?
True
Let k be -4 - -81 - 0/(-2). Suppose k = -o + 2*o. Is o composite?
True
Let f(z) = z**3 - 6*z**2 - 5*z - 8. Let i be f(7). Is i/(-10) - 1780/(-50) a composite number?
True
Suppose -3*s = -3*c + 2562, 3*c + 3*s = -2*s + 2554. Is c a prime number?
True
Suppose -171 = -i - 4*x + 50, 944 = 4*i + x. Is i prime?
False
Is ((-4)/(-8))/(2/12652) a prime number?
True
Suppose 3*u - 1554 = -5*b, -5*b + 1564 = u - 3*u. Let w = b - 221. Is w prime?
False
Let i be 10 - ((-2 - -2) + 2). Let s = 3 - i. Let v = -2 - s. Is v a composite number?
False
Suppose -27 = o + 30. Let t = -32 - o. Is t prime?
False
Let z be (-13)/(1 - 2/4). Let o = z - 280. Is o/(-10) - 8/(-20) a prime number?
True
Suppose -16*b - 50 = 30. Let v be (-96)/(-5)*(6 + -1). Let x = b + v. Is x a composite number?
True
Suppose 557 = -5*r - 393. Let j = -81 - r. Is j a prime number?
True
Let o = 107 + -71. Let v be 88/9 - (-8)/o. Is v*((-27)/(-6) + 1) prime?
False
Let r = 18 - 16. Is (13/r)/(1/74) a prime number?
False
Let f(r) = -269*r + 25. Is f(-6) a prime number?
False
Suppose -h + 4*o - 3 = -0*h, -9 = 3*h + 3*o. Is (-574)/h + 1/(-3) a composite number?
False
Let u(r) = -r**3 - 7*r**2 + 8*r + 6. Let m be u(-8). Let d be 3/(((-9)/m)/(-1)). Is (-1 + d)*-2 + 57 a composite number?
True
Let o = -8 + 2. Is (3/o)/((-2)/1388) prime?
True
Let f be 2/7 - 498/(-21). Let a = 39 - f. Is a a prime number?
False
Let c be 0/(-3) - 0/(-1). Suppose 349 = 2*i - 1199. Suppose -y + 0*y + 5*j + 216 = 0, c = -4*y + 2*j + i. Is y prime?
True
Let u(t) = -t**3 - 3*t**2 + t + 3. Let s be (9/(-12))/((-1)/(-4)). Let q be u(s). Suppose 0 = -q*v + 5*v - 15. Is v a composite number?
False
Let p = 3101 + -1560. Is p a prime number?
False
Let w = -337 - -173. Let l = w - -387. Is l prime?
True
Is 4 + -2 + 1494/2 prime?
False
Let g(o) = -o + 59. Suppose 0 = -2*z - z. Is g(z) prime?
True
Let h be 1676 - (2 + -6 - -5). Suppose 0*l - h = -5*l. Is l a composite number?
True
Suppose 0 = -i - 4*j + 247, 3*j + 242 = i + 2*j. Suppose -i = -5*v + 352. Is v a prime number?
False
Let j = -1 + 1. Suppose j = 2*t - 0*t - 18. Suppose -t = 3*a - 123. Is a a composite number?
True
Suppose -q + 79 = -32. Is q composite?
True
Suppose 6*b = b - 250. Let c = b + 155. Suppose 0 = -5*a - 2*t + 161, -3*a + 2*t + c = -t. Is a composite?
True
Let n(w) be the third derivative of -w**4/4 + w**3/2 + 2*w**2. Let y be n(-3). Let f = y - -1. Is f prime?
False
Let p(n) = n**2 + 8*n - 3. Let w be p(-8). Let a(u) = u - 4. Let b be a(w). Let d(q) = q**3 + 7*q**2 - 9*q - 5. Is d(b) a composite number?
True
Let g(u) = -208*u - 1. Is g(-2) prime?
False
Is 554 - (1 + -1 + (-18)/6) prime?
True
Let s(v) = v**3 - v**2 - 18*v - 21. Is s(11) composite?
False
Suppose 444 + 610 = 2*s. Is s composite?
True
Suppose -4*b + 3*b = -79. Is b composite?
False
Let o = 175 + -109. Suppose 0 = 3*l - 1 - 5. Suppose w + l*w = o. Is w a prime number?
False
Suppose 4*o = s + 15, 3*o + 3*s = -2*s + 17. Suppose i = -o*i. Suppose i*n = 3*n - 21. Is n prime?
True
Suppose 0 = -b + 6*b - 80. Let y = b + -9. Is (2 - y/5)*5 a prime number?
True
Let h = -43 + 86. Let t be 4/(-2) + 1*-22. Let k = t + h. Is k prime?
True
Suppose 3*n + 0 = 6. Suppose -537 = -t - n*t. Is t composite?
False
Let z be 22/7 - (-3)/(-21). Suppose 5*p = -2*q - z*q + 195, -5*q + 47 = p. Is p prime?
True
Let s(u) = -6*u**2 - 3*u + 1. Let t(j) = -7*j**2 - 3*j + 1. Let y(n) = -6*s(n) + 5*t(n). Let f be y(-4). Suppose 2 = f*m - 271. Is m a prime number?
False
Suppose 9*o + 3849 = 12*o. Is o composite?
False
Suppose -3*w = -6, -3 - 1 = -2*q - 2*w. Let j be 4 + -4 - (2 - q). Let h = 16 + j. Is h a composite number?
True
Let b(f) = 4*f**3 + 7*f**2 + 4*f - 5. Let l be b(-4). Let w = -70 - l. Is w a composite number?